{"id":597,"date":"2021-03-06T22:49:03","date_gmt":"2021-03-06T20:49:03","guid":{"rendered":"https:\/\/liceuldarmanesti.ro\/edu\/?page_id=597"},"modified":"2021-03-06T22:49:03","modified_gmt":"2021-03-06T20:49:03","slug":"politica-de-utilizare-cookie","status":"publish","type":"page","link":"https:\/\/liceuldarmanesti.ro\/edu\/politica-de-utilizare-cookie\/","title":{"rendered":"Politica  de  utilizare cookie"},"content":{"rendered":"\n<p>Document de informare a utilizatorilor despre prezen\u021ba cookie-urilor pe site-urile web ale Liceul Tehnologic D\u0103rm\u0103ne\u0219ti Informa\u021biile prezentate \u00een continuare au scopul de a aduce la cuno\u0219tin\u021ba utilizatorului mai multe detalii despre plasarea, utilizarea \u0219i administrarea cookie-urilor utilizate de site-urile Liceul Tehnologic D\u0103rm\u0103ne\u0219ti<\/p>\n\n\n\n<p><strong>Ce este un cookie?<\/strong><\/p>\n\n\n\n<p>Un cookie este un fi\u0219ier text care con\u021bine informa\u021bii desc\u0103rcate pe dispozitivul dumneavoastr\u0103 atunci c\u00e2nd vizita\u021bi (pentru prima dat\u0103) un site web. Acel cookie este trimis \u00eenapoi la fiecare vizit\u0103 ulterioar\u0103 c\u0103tre site-ul web de origine sau c\u0103tre alt site web care \u00eel recunoa\u0219te. Cookie-urile sunt utile deoarece permit unui site web s\u0103 recunoasc\u0103 un dispozitiv \u0219i v\u0103 ofer\u0103 o experien\u021b\u0103 mai eficient\u0103 \u0219i personalizat\u0103.<\/p>\n\n\n\n<p><strong>Ce NU este un cookie?<\/strong><\/p>\n\n\n\n<p>Cookie-urile NU sunt viru\u0219i! Ele folosesc formate tip plain text. Nu sunt alc\u0103tuite din buc\u0103\u021bi de cod, a\u0219a c\u0103 nu pot fi executate \u0219i nici nu pot auto-rula. \u00cen consecin\u021b\u0103, nu se pot duplica sau replica pe alte re\u021bele pentru a se rula sau replica din nou.<\/p>\n\n\n\n<p><strong>Ce tipuri de cookie sunt utilizate?<\/strong><\/p>\n\n\n\n<p>Cookie-urile proprietare sunt cookie-uri utilizate de Liceul Tehnologic D\u0103rm\u0103ne\u0219ti c\u00e2nd vizita\u021bi\u00a0 site-ul web \u0219i sunt de urm\u0103toarele tipuri: tehnice, de sesiune, persistente \u0219i func\u021bionale:<\/p>\n\n\n\n<ul class=\"wp-block-list\"><li><em>Cookie-urile tehnice<\/em> sunt esen\u021biale pentru func\u021bionarea corect\u0103 a site-ului web. Aceste cookie-uri v\u0103 permit s\u0103 naviga\u021bi \u00eentre diferite sec\u021biuni ale site-ului web \u0219i s\u0103 utiliza\u021bi func\u021bii specifice.<\/li><li><em>Cookie-urile de sesiune<\/em> sunt cookie-uri temporare care v\u0103 permit s\u0103 naviga\u021bi simplu \u0219i rapid pe site.<\/li><li><em>Cookie-urile persistente sau \u2018cookie-urile de urm\u0103rire\u2019<\/em> dureaz\u0103 mai multe sesiuni \u0219i r\u0103m\u00e2n \u00een browser o perioad\u0103 de timp dup\u0103 \u00eencheierea sesiunii (dac\u0103 nu le \u0219terge\u021bi).<\/li><li><em>Cookie-urile func\u021bionale<\/em> monitorizeaz\u0103 func\u021bionarea corect\u0103 a site-ului web \u0219i \u00eei permit acestuia s\u0103 \u021bin\u0103 minte op\u021biunile dumneavoastr\u0103 (de ex., limba, numele de utilizator sau regiunea). Acestea ofer\u0103 func\u021bii \u00eembun\u0103t\u0103\u021bite \u0219i personale, care v\u0103 ajut\u0103 s\u0103 nu mai selecta\u021bi op\u021biunile de fiecare dat\u0103 c\u00e2nd vizita\u021bi site-ul web.<\/li><\/ul>\n\n\n\n<p>Cookie-urile ter\u021be sunt module cookie care sunt utilizate de Liceul Tehnologic D\u0103rm\u0103ne\u0219ti c\u00e2nd vizita\u021bi unul dintre site-urile noastre web \u0219i sunt de urm\u0103toarele tipuri:<\/p>\n\n\n\n<ul class=\"wp-block-list\"><li><em>Cookie-urile de performan\u021b\u0103<\/em> (Google Analytics): colecteaz\u0103 informa\u021bii anonime \u0219i centralizate despre comportamentul dumneavoastr\u0103 online (tipul de browser, adresa IP, sistemul de operare utilizat, numele domeniului site-ului pe care l-a\u021bi vizitat \u0219i momentul p\u0103r\u0103sirii site-ului, data \u0219i ora la care a\u021bi vizitat un site web, etc.) \u00een scopuri statistice \u0219i pentru generarea profilurilor vizitatorilor.<\/li><li>Cookie-urile pe care la folosim noi nu colecteaz\u0103 date care s\u0103 v\u0103 dezv\u0103luie identitatea \u0219i, de aceea, nu v\u0103 putem identifica cu ajutorul lor. Site-urile noastre web pot con\u021bine link-uri c\u0103tre alte site-uri web care nu sunt de\u021binute\/administrate de Liceul Tehnologic D\u0103rm\u0103ne\u0219ti (con\u021binut ter\u021b, linkuri \u0219i plug-in-uri). Liceul Tehnologic D\u0103rm\u0103ne\u0219ti nu \u00ee\u0219i asum\u0103 responsabilitatea pentru practicile de confiden\u021bialitate aplicate de aceste site-uri web.<\/li><\/ul>\n\n\n\n<p><strong>Cum v\u0103 exprima\u021bi acordul?<\/strong><\/p>\n\n\n\n<p>C\u00e2nd vizita\u021bi pentru prima dat\u0103 site-urile noastre, \u00een partea de sus a ecranului este afi\u0219at un banner cu un mesaj despre cookie. Dac\u0103 \u00eenchide\u021bi mesajul sau continua\u021bi s\u0103 vizita\u021bi site-ul, atunci v\u0103 exprima\u021bi acordul implicit pentru utilizarea cookie-urilor conform prezentei politici de utilizare a cookie-urilor, cu excep\u021bia cazului \u00een care v-a\u021bi setat browserul astfel \u00eenc\u00e2t s\u0103 resping\u0103 cookie-urile (vezi mai jos).<\/p>\n\n\n\n<p><strong>Cum respinge\u021bi cookie-urile?<\/strong><\/p>\n\n\n\n<p>Pute\u021bi s\u0103 v\u0103 retrage\u021bi \u00een orice moment acordul \u0219terg\u00e2nd cookie-urile din browser.<\/p>\n\n\n\n<p>Aceste set\u0103ri se g\u0103sesc de obicei \u00een meniul \u2018op\u021biuni\u2019 sau \u2018preferin\u021be\u2019 din browser. Pentru a \u00een\u021belege aceste set\u0103ri, ar putea fi utile urm\u0103toarele linkuri (sau accesa\u021bi op\u021biunea \u2018Ajutor\u2019 din browser pentru mai multe detalii):<\/p>\n\n\n\n<ul class=\"wp-block-list\"><li><a href=\"https:\/\/support.microsoft.com\/en-gb\/help\/17442\/windows-internet-explorer-delete-manage-cookies\" target=\"_blank\" rel=\"noreferrer noopener\">Set\u0103rile pentru cookie din Internet Explorer<\/a>&nbsp;<\/li><li><a href=\"http:\/\/support.mozilla.org\/en-US\/kb\/cookies-information-websites-store-on-your-computer?redirectlocale=en-US&amp;redirectslug=Cookies\" target=\"_blank\" rel=\"noreferrer noopener\">Set\u0103rile pentru cookie din Firefox<\/a>&nbsp;<\/li><li><a href=\"http:\/\/support.google.com\/chrome\/bin\/answer.py?hl=en&amp;answer=95647\" target=\"_blank\" rel=\"noreferrer noopener\">Set\u0103rile pentru cookie din Chrome<\/a>&nbsp;<\/li><li><a href=\"http:\/\/support.apple.com\/kb\/HT1677\" target=\"_blank\" rel=\"noreferrer noopener\">Set\u0103rile pentru cookie din Safari<\/a>&nbsp;<\/li><\/ul>\n\n\n\n<p>Schimbarea set\u0103rilor din browser pentru a respinge cookie-urile poate influen\u021ba modul \u00een care ne accesa\u021bi site-ul web \u0219i este posibil s\u0103 v\u0103 fie respins accesul la anumite sec\u021biuni ale acestuia. Pute\u021bi schimba \u00een orice moment set\u0103rile browserului.<\/p>\n","protected":false},"excerpt":{"rendered":"<p>Document de informare a utilizatorilor despre prezen\u021ba cookie-urilor pe site-urile web ale Liceul Tehnologic D\u0103rm\u0103ne\u0219ti Informa\u021biile prezentate \u00een continuare au &hellip; <\/p>\n","protected":false},"author":1,"featured_media":0,"parent":0,"menu_order":0,"comment_status":"closed","ping_status":"closed","template":"","meta":{"footnotes":""},"class_list":["post-597","page","type-page","status-publish","hentry"],"_links":{"self":[{"href":"https:\/\/liceuldarmanesti.ro\/edu\/wp-json\/wp\/v2\/pages\/597","targetHints":{"allow":["GET"]}}],"collection":[{"href":"https:\/\/liceuldarmanesti.ro\/edu\/wp-json\/wp\/v2\/pages"}],"about":[{"href":"https:\/\/liceuldarmanesti.ro\/edu\/wp-json\/wp\/v2\/types\/page"}],"author":[{"embeddable":true,"href":"https:\/\/liceuldarmanesti.ro\/edu\/wp-json\/wp\/v2\/users\/1"}],"replies":[{"embeddable":true,"href":"https:\/\/liceuldarmanesti.ro\/edu\/wp-json\/wp\/v2\/comments?post=597"}],"version-history":[{"count":0,"href":"https:\/\/liceuldarmanesti.ro\/edu\/wp-json\/wp\/v2\/pages\/597\/revisions"}],"wp:attachment":[{"href":"https:\/\/liceuldarmanesti.ro\/edu\/wp-json\/wp\/v2\/media?parent=597"}],"curies":[{"name":"wp","href":"https:\/\/api.w.org\/{rel}","templated":true}]}}